2 + 2*p + 1. Let k(r) = -r**2 - r + 10. Let m be k(0). Suppose -v - 4*v = m. What is the units digit of l(v)?
1
Let y(f) = -f + 1. Let a(k) = -k**3 + 3*k**2 - 3*k + 3. Let o be a(2). Let c(m) = -8*m**2 + 2*m - 1. Let j be c(o). What is the units digit of y(j)?
8
What is the tens digit of (4/(-6))/((-24)/900)?
2
Suppose 1 + 0 = o. Let a(c) = -15*c**3 - c + 17*c**3 + 2*c**2 - c - 2 + 3. What is the units digit of a(o)?
3
Suppose 27 = d - 18. What is the units digit of d?
5
Suppose q + 1 = 0, 2*b = -2*b + 3*q + 423. What is the units digit of b?
5
Let m = -10 + 16. Let y(a) = 5*a**2 + 8*a + 13. Let l(r) = 2*r**2 + 4*r + 6. Let o(f) = -7*l(f) + 3*y(f). What is the units digit of o(m)?
9
Let g be (0 + -5)*4/(-10). Let q(w) be the third derivative of w**4/24 + w**3/3 - w**2. What is the units digit of q(g)?
4
Let k(y) = -2*y + 7*y**2 + y**3 + 3*y - 3 - 5*y. What is the tens digit of k(-7)?
2
Let q(t) be the second derivative of 0 - 1/12*t**4 + 7/6*t**3 + 1/2*t**2 + t. What is the units digit of q(6)?
7
Let v = -18 - -19. What is the units digit of v?
1
Let x(j) = -j + 28. What is the tens digit of x(10)?
1
Let r = -4 + 7. Suppose 0*o - r*o = -15. What is the units digit of o?
5
Suppose 0 = -f - t + 254, 0 = -5*f + t + t + 1256. What is the hundreds digit of f?
2
Let g = 5 + -5. Suppose 3*u - u - 74 = g. What is the units digit of u?
7
Suppose 12 = -3*m, 2*t + 5*m - 2*m = 20. What is the tens digit of t?
1
Let q be 8/(-16) + 18/(-4). Let z = 6 + q. What is the units digit of ((-4)/(-10))/(z/25)?
0
Let j(l) = l - 8. Let g be j(6). Let y be 0 - (-2 - g - 4). Suppose -4*f - 4*v - y = 0, 3*f + v + 1 = -v. What is the units digit of f?
1
Let k(q) = -q + 8. Let j be 14 + (2 - (2 + -1)). Suppose -5*a = 5*c - j, 5*a - 7 - 32 = 3*c. What is the units digit of k(a)?
2
Suppose -3*d = 4*w - 32, -3*w + 4 + 7 = -d. Suppose 3*b = -9, d*a = 3*b + 2*b + 19. Let q = a - 0. What is the units digit of q?
1
Let x = 55 + -33. Let o(w) = -10*w**3 + w - 1. Let i be o(1). Let h = x + i. What is the units digit of h?
2
Suppose -5*d - 14 = 6, 2*v - 54 = -2*d. What is the tens digit of v?
3
Let p(z) = -z**2 + 4*z + 1. Let c be (-5)/20 - (-21)/4. Suppose -c*l + 19 = -w - 3*w, 0 = 5*l - 5*w - 20. What is the units digit of p(l)?
4
Suppose 0 = -i - 3*u + 274, u + 274 = i - 2*u. What is the hundreds digit of i?
2
Let s = 19 + 22. Let u = s + 18. Suppose 4*a = -b + u, 2*b + b = a - 18. What is the units digit of a?
5
Suppose 3*n - 340 = -4*u + n, 5*u = -2*n + 425. What is the units digit of u?
5
Let w(d) = -d**2 - 5*d - 3. Let i be w(-5). Let g be 8/1 + 9/i. Suppose 3 + 2 = g*r. What is the units digit of r?
1
Let s(d) = -1 + 8 + 5*d + d**3 - 11*d**2 + 5 + 4*d. Let u be s(10). Suppose -u*i + 6 = 4. What is the units digit of i?
1
Let d be 6/21 - 12/(-7). What is the units digit of 25/15*3*d?
0
Let h = 5 - 1. What is the units digit of ((-15)/h)/(9/(-24))?
0
Let f(g) = 45*g**3 + 2*g**2 + 2*g - 4. What is the hundreds digit of f(2)?
3
What is the tens digit of (-3 + 2)/(3/(-174))?
5
Suppose t - 5*m - 43 = 0, 2*t - 3*t - 2*m = -64. What is the tens digit of t?
5
Let s = -38 + 65. Suppose -s + 15 = -m. What is the tens digit of m?
1
Let j be (22/(-5))/((-4)/20). Let h be j/2 + (-4)/(-4). Suppose -5*c + h = 4*v, 4 = -c - v - 3*v. What is the units digit of c?
4
Let z(b) = b**2 - 10*b + 9. Let y be z(9). Suppose -a + 11 = -5*o, y = -4*o + 1 - 5. What is the units digit of a?
6
What is the hundreds digit of (4 - 2)*109/2?
1
Let g(z) = -5 - 3*z + 8*z**2 + 7 + 9 + 0*z - z**3. Let c be g(8). What is the units digit of c/(-3) - (-1)/(-3)?
4
Let c be -1 - 2*(-41)/2. Suppose 3*s - c = 14. What is the tens digit of s?
1
Let s(j) = j**2 + 7*j + 8. Let a be s(-6). Let q = 22 - 17. Suppose n = l + 2, 2*n - q*l + 1 = -a*l. What is the units digit of n?
7
Suppose 3*h + 21 = -2*y - 27, -3*y - 4*h = 73. Let r be 6/27 + (-48)/y. Suppose -r*j = -6*j + 32. What is the units digit of j?
8
Suppose 0 = -4*s - 0*s + 16. What is the units digit of s?
4
Let z(x) = x - 7. Let q be z(7). What is the units digit of 9 - (-1 + 1 + q)?
9
Suppose 12 = -l + 3*l. Suppose -j + 5 + l = 0. What is the units digit of j?
1
Let b(k) = k**2 + 5*k + 6. Let l be b(-4). Suppose -20 = q - l*q. What is the units digit of q?
0
Let b(p) be the third derivative of 13*p**6/120 - p**5/60 + p**4/24 + 2*p**2. Let a be b(1). Suppose -4*s + a = -7. What is the units digit of s?
5
Let g = -217 + 347. What is the units digit of g?
0
Let s(g) = -2*g**2 - 3*g - 3. Let j be s(-2). Let r = j + 9. What is the units digit of r?
4
Suppose -3*a - 10 = -1. Let r(b) = -b**3 - 2*b**2 + b - 3. Let h be r(a). Suppose -4*d + 3*y = -3, d - h*d = -2*y. What is the units digit of d?
3
What is the tens digit of (1002/(-18))/(2 + (-21)/9)?
6
Let u = 20 + -20. Suppose m - 7 + 4 = u. What is the units digit of m?
3
What is the units digit of (2 + 17)*1/2*6?
7
Let a = 19 - 5. Let c = a + -9. Let b(z) = 3*z - 2. What is the tens digit of b(c)?
1
Let d(s) = s + 1. Let o(h) = 2*h + 5. Let i(w) = 4*d(w) - o(w). What is the units digit of i(4)?
7
Let c be (10/(-2) - 1)/(-2). Suppose 38 = c*o + 2*o + q, -2*q + 6 = 0. Let y = 23 - o. What is the units digit of y?
6
Suppose 0 = f - 3*f. Suppose n + f*n + 1 = 0. What is the units digit of (0 + n)/((-2)/12)?
6
Let v = -9 - -11. Suppose v*s = 3*y + 37, -s - y + 0*y = -11. What is the tens digit of s?
1
Suppose 4*o - 4*g + g = 140, 3*o - 98 = 4*g. What is the units digit of o?
8
Suppose -2*r - 2 = -r + 2*f, 0 = -4*r + 5*f + 57. Suppose m - 25 = 5*j - r, 5*j = 2*m - 24. What is the units digit of m?
7
Let a = 458 - 90. What is the hundreds digit of a?
3
Let t be 0 + -4 + 2 - -10. Suppose 4*n - 2*n + t = 0. Let m(w) = w**3 + 4*w**2 - w + 2. What is the units digit of m(n)?
6
Let b = -4 - -5. Let f(m) = 13*m**2 - 1. What is the units digit of f(b)?
2
Let g(m) = 20*m**2 + 5. What is the hundreds digit of g(3)?
1
Suppose 23 = 5*d + 3. What is the units digit of 32 + (16/d - 8)?
8
Let c = -32 + 18. Let s = c - -34. What is the units digit of s?
0
Let a = -73 - -354. What is the tens digit of a?
8
Let h(y) = -y + 36. What is the units digit of h(-17)?
3
Let a(z) = -4*z**3 + z**2 - 12*z + 4. What is the hundreds digit of a(-4)?
3
What is the tens digit of (-483)/(-12) + (-2)/8?
4
Suppose -3 = -3*t + n + 5, -2*t = 2*n. Let c be ((t - 3) + -31)/(-1). Suppose -2*w = 4 - c. What is the units digit of w?
4
Suppose -h - j + 7 = 0, -2*j + 0*j = 4*h - 34. Let v = h + -14. Let c = v - -12. What is the units digit of c?
8
Let s(k) = -k - 1. Let o = 1 + -3. Let r be s(o). Suppose r - 9 = -4*l. What is the units digit of l?
2
Suppose -t - 15 = -5*t - 5*p, 3*t - 3*p = -9. Suppose 0 = -t*y + 5*y - 40. What is the units digit of y?
8
Let p = -11 - 9. Let a = p + 29. What is the units digit of a?
9
Let g(h) = -4*h**3 - h**2 + 1. Let q be g(1). Let i be 5/((-10)/q)*2. Let m = i + 0. What is the units digit of m?
4
Let q(p) = -p**3 + 6*p**2 - 5*p + 1. Let l be q(5). What is the units digit of 3 - (-4)/(2/l)?
5
Let r(y) = 3*y + 61. What is the tens digit of r(0)?
6
Suppose 48 = 2*c + c. Suppose 4*x - c = j, 18 = 5*j - 2. Suppose 4*u = w - 17, -4*u = -x*w - 3*u + 9. What is the units digit of w?
1
Let s(x) = -3*x**2 + 3*x - 6*x + 0*x**3 - 2*x**3 - 3. What is the units digit of s(-2)?
7
Let n(u) = u**2 + 9*u + 8. Let o(v) = v**3 + 4*v**2 + 3*v + 2. Let w be o(-4). What is the units digit of n(w)?
8
What is the units digit of 1110/21 + (-7)/(-49)?
3
Let l(i) = i - 10. Suppose -2*h + 4 = 2*d - d, 2*h = -4. Let j be l(d). Let q = j - -6. What is the units digit of q?
4
Suppose 0 = 2*i - 4*q - 108, -3*q + 4*q + 1 = 0. Suppose -3*k - 4 = -i. What is the units digit of k?
6
Suppose l = 3*l - 60. What is the units digit of l/(-3 + 1 - -4)?
5
Let a(o) = 7*o + 3*o**2 - 11*o + o**3 + 0 + 0. Let v be (-33)/9 - (-4)/6. What is the tens digit of a(v)?
1
Suppose -5*o = z - 0*o + 8, -5*z - 5*o = 20. What is the units digit of 191/6 - z/18?
2
What is the units digit of 2/(-7) - (-11200)/98?
4
Suppose 5*k = -0*v + 5*v + 160, 3*k + 4*v = 75. What is the tens digit of k?
2
What is the tens digit of 405/(-5)*(-3)/9?
2
Let g(o) be the second derivative of o**4/12 - 5*o**3/6 + 2*o**2 + 3*o. What is the units digit of g(6)?
0
Suppose -2*c - 2 = 2*q - 12, 0 = -c + 5*q - 7. 